*2 - 2*j + 19. What is f(-6)?
-5
Let k(f) = -f**2 + 25*f + 134. Determine k(30).
-16
Let l(o) = o**2 + 6*o - 18. Give l(-4).
-26
Let c(n) = 2*n**2 - 12*n - 9. Determine c(9).
45
Let i(l) = 3*l - 2. Determine i(-1).
-5
Let l(x) = -x**3 - 12*x**2 + 29*x + 353. What is l(-12)?
5
Let y(g) = g**2 + 4*g + 1. Calculate y(3).
22
Let i(a) = 73*a - 432. Give i(6).
6
Let z(p) = -p**3 - 20*p**2 - 19*p - 5. Calculate z(-19).
-5
Let l(v) = 58*v - 10. Determine l(1).
48
Let p(q) = q**3 - 6*q**2 + 3*q + 1. Calculate p(5).
-9
Let l(m) = m**2 - 12*m - 14. Determine l(13).
-1
Let h(u) = -3*u**2 - 2*u - 10. Determine h(-3).
-31
Let t(s) = s**3 - 21*s**2 + 9*s + 226. Give t(20).
6
Let v(n) = 2*n + 18. Determine v(-16).
-14
Let l(a) = a + 12. Determine l(-14).
-2
Let j(a) = 12*a**2 - 3*a + 2. Give j(1).
11
Let v(i) = 3*i + 2. Calculate v(-2).
-4
Let i(j) = j + 28. What is i(-12)?
16
Let r(l) = -l**2 - 19*l + 25. Determine r(-20).
5
Let a(w) = -7*w - 4. Determine a(2).
-18
Let i(w) = -2*w**2 - 102*w + 215. Determine i(-53).
3
Let t(z) = -z**2 - 8*z + 85. What is t(6)?
1
Let b(s) = -s**2 - 3*s - 4. Calculate b(-6).
-22
Let x(r) = -4*r - 4. Determine x(-3).
8
Let c(r) = 3*r - 6. Determine c(-3).
-15
Let w(u) = 13*u**2 - 2*u - 2. Determine w(-1).
13
Let n(b) = 11*b + 284. Determine n(-26).
-2
Let m(t) = -3*t - 9. Determine m(7).
-30
Let j(f) = -f**3 - 8*f**2 + 2*f + 3. Give j(-8).
-13
Let v(r) = -2*r**2. Give v(4).
-32
Let f(k) = 3*k + 4. Calculate f(-5).
-11
Let q(x) = -x**2 - 6*x - 4. What is q(-5)?
1
Let v(q) = 28*q + 269. What is v(-9)?
17
Let t(o) = o**2 - 3*o - 6. Calculate t(7).
22
Let o(w) = w**3 + 7*w**2 + 10*w + 17. Determine o(-6).
-7
Let s(v) = v**2 + 10*v. Give s(-10).
0
Let g(f) = -f**3 + 13*f**2 + f - 6. What is g(13)?
7
Let r(y) = y**3 + y**2 + 5*y + 7. Calculate r(-2).
-7
Let b(n) = 11*n - 33. What is b(9)?
66
Let f(o) = o**2 - 35*o - 76. Give f(37).
-2
Let n(y) = 5*y + 5. Give n(-1).
0
Let h(c) = -2*c**2 - 12*c - 13. Determine h(-4).
3
Let s(n) = -n**2 - n + 90. Determine s(-11).
-20
Let k(j) = -2*j**2 + 3*j + 6. Give k(5).
-29
Let f(h) = -2*h**2 + 30*h + 31. Determine f(18).
-77
Let y(u) = u**3 + 12*u**2 - 26*u - 8. What is y(-14)?
-36
Let w(g) = g**3 - 6*g**2 + 5*g + 3. Give w(6).
33
Let t(p) = p**3 - 2*p**2 - 8*p + 7. Give t(3).
-8
Let f(z) = 45*z**3 - 8*z**2 + 9*z - 2. Give f(1).
44
Let h(d) = -6*d + 6. Give h(2).
-6
Let m(s) = -2*s**3 + 2*s**2 + 4*s + 5. Give m(-3).
65
Let r(d) = -d**3 - 10*d**2 - 8*d + 8. What is r(-9)?
-1
Let a(v) = -v**3 + 12*v**2 + 10*v + 38. Determine a(13).
-1
Let q(m) = 9*m**2 - 8*m - 6. What is q(4)?
106
Let v(a) = -2*a + 12. Determine v(10).
-8
Let n(p) = -p**2 + 11*p - 19. Give n(8).
5
Let t(z) = z + 5. Calculate t(-3).
2
Let p(r) = r - 4. Determine p(9).
5
Let j(g) = -g**2 + 27*g - 28. Calculate j(25).
22
Let a(x) = 6*x - 2. Calculate a(2).
10
Let n(a) = a**3 - 7*a**2 - 7*a + 3. Give n(8).
11
Let u(t) = t**3 - 27*t**2 + 29*t - 80. Calculate u(26).
-2
Let h(a) = -2*a**2 + 37*a - 6. What is h(19)?
-25
Let u(k) = 3*k - 2. What is u(-9)?
-29
Let n(j) = 10*j**2. Give n(-2).
40
Let f(i) = 3*i - 98. Determine f(39).
19
Let k(t) = 2*t**3 + 16*t**2 + 24*t + 9. Determine k(-6).
9
Let r(i) = 3*i**2 + 8*i + 7. Calculate r(-2).
3
Let f(u) = -4*u**3 + 4*u**2 - 5*u + 5. Calculate f(3).
-82
Let o(r) = r**3 + 13*r**2 - 16*r - 10. What is o(-14)?
18
Let f(k) = -2*k + 4. Calculate f(6).
-8
Let j(x) = 2*x - 34. Calculate j(17).
0
Let q(a) = a**3 + 24*a**2 + 11*a + 16. Determine q(-24).
-248
Let y(n) = n**3 - 7*n**2 - n - 7. Calculate y(5).
-62
Let l(t) = -6*t. Give l(16).
-96
Let i(u) = 2*u - 36. Give i(15).
-6
Let f(q) = q**3 - 5*q**2 - 67*q + 374. What is f(7)?
3
Let d(l) = l**2 - 7*l + 12. What is d(7)?
12
Let s(k) = -3*k - 1. Give s(-4).
11
Let k(t) = t**2 - 10*t + 4. What is k(9)?
-5
Let z(t) = t**3 + 5*t**2 - 8*t - 5. Determine z(-6).
7
Let v(b) = 3*b**3 + 35*b**2 + 19*b - 18. What is v(-11)?
15
Let n(v) = -3*v**2 + 11*v - 17. Give n(3).
-11
Let f(i) = -i**2 - 22*i - 13. What is f(-9)?
104
Let f(v) = -2*v**3 + v - 2. Calculate f(-2).
12
Let n(d) = -2*d + 1. What is n(-2)?
5
Let l(t) = t**3 + 11*t**2 + t + 1. Give l(-11).
-10
Let s(o) = o - 18. What is s(31)?
13
Let x(l) = 18*l - 65. What is x(12)?
151
Let d(q) = -q**2 + 6*q + 3. Determine d(7).
-4
Let o(i) = 2*i + 17. Give o(-11).
-5
Let d(w) = w**3 - 26*w**2 + 88*w + 6. Calculate d(22).
6
Let a(s) = s**3 - 8*s**2 + 9*s - 23. Determine a(7).
-9
Let d(q) = 7*q**2 + 2*q + 2. Give d(-2).
26
Let r(b) = b**2 + 32*b + 85. What is r(-29)?
-2
Let p(m) = m**3 + 13*m**2 + m + 4. Determine p(-13).
-9
Let a(y) = -2*y**3 + 25*y**2 + 16*y + 13. Calculate a(13).
52
Let g(l) = 2*l**3 + l**2 - 5*l - 4. Determine g(-2).
-6
Let o(f) = 2*f**2 - 47*f - 32. Calculate o(24).
-8
Let u(i) = -i**3 + 23*i**2 + 26. Give u(23).
26
Let k(s) = -8*s - 51. Give k(-7).
5
Let i(d) = d**3 - 6*d**2 - 8*d + 5. What is i(6)?
-43
Let o(m) = m**2 - 10*m - 2. Give o(-4).
54
Let a(k) = -k**2 + 14*k - 20. Give a(10).
20
Let k(w) = w**3 + 3*w**2 + 3*w + 1. What is k(-2)?
-1
Let l(w) = -11*w**2 - 108*w + 12. Determine l(-10).
-8
Let k(y) = -2*y**2 - 68*y - 56. Calculate k(-32).
72
Let w(n) = -n**3 + 2*n**2 + 4*n + 11. What is w(0)?
11
Let j(g) = -g**2 - 21*g + 272. Determine j(9).
2
Let y(q) = q - 62. What is y(21)?
-41
Let u(f) = -f - 27. Determine u(-30).
3
Let w(g) = -11*g - 100. Calculate w(-14).
54
Let c(s) = s + 15. Determine c(-16).
-1
Let c(w) = w**2 + 4*w + 10. Calculate c(-6).
22
Let q(r) = -r**3 - 5*r**2 - 3*r - 7. Calculate q(-5).
8
Let g(o) = 2*o**2 + 8*o - 2. Determine g(-4).
-2
Let w(s) = -9*s + 9. Determine w(4).
-27
Let h(v) = -v**3 + 8*v**2 - 23. Determine h(7).
26
Let o(d) = -13*d**2 + 7*d + 14. Calculate o(4).
-166
Let t(l) = l**3 - 30*l**2 - 29*l - 73. Determine t(31).
-11
Let w(i) = -i**3 - 4*i**2 - 6*i. Determine w(-4).
24
Let i(q) = 6*q - 2. Give i(-2).
-14
Let y(p) = 28*p - 274. Calculate y(10).
6
Let y(x) = 5*x - 2. What is y(9)?
43
Let v(g) = g**3 + 10*g**2 + 13*g + 49. Calculate v(-9).
13
Let x(s) = 9*s + 1. Calculate x(3).
28
Let q(t) = 2*t**2 - 21. Calculate q(-5).
29
Let d(t) = t**3 + 7*t**2 - 5*t + 18. Give d(-8).
-6
Let x(s) = s**3 + 4*s**2 - 5. What is x(-4)?
-5
Let l(i) = i**3 - 8*i**2 + 6*i + 12. Determine l(6).
-24
Let r(t) = -t**2 - 2*t + 2. Determine r(1).
-1
Let d(s) = s**2 + 9*s + 1. Calculate d(-11).
23
Let g(f) = -f**3 + 9*f**2 - f + 13. Determine g(9).
4
Let m(x) = 2*x**2 - 69*x - 98. Give m(36).
10
Let a(d) = -2*d**3 + 50*d**2 + 2*d - 48. Calculate a(25).
2
Let r(a) = -19*a - 34. Calculate r(-6).
80
Let u(k) = -k**3 - 4*k**2 + 2*k + 1. Calculate u(-2).
-11
Let a(p) = 9*p + 1. Calculate a(-3).
-26
Let v(z) = -z**3 + 4*z**2 - z + 4. What is v(3)?
10
Let w(f) = f**3 + 13*f**2 + 14*f + 10. Give w(-12).
-14
Let a(k) = k**3 + 6*k**2 - 5*k - 12. Determine a(-7).
-26
Let h(o) = -o**2 - 8*o + 37. Calculate h(-11).
4
Let y(d) = 23*d - 1. What is y(-1)?
-24
Let n(q) = -60*q**2 + q - 2. Give n(1).
-61
Let v(j) = -j**3 + 4*j**2 + 8*j + 3. Determine v(8).
-189
Let a(g) = -2*g. Give a(1).
-2
Let q(u) = -2*u**3 - 22*u**2 - 19*u + 4. Give q(-10).
-6
Let o(k) = k**3 - 10*k**2 - 3*k + 12. What is o(9)?
-96
Let v(d) = -d + 26. Calculate v(-1).
27
Let y(p) = -5*p - 38. Determine y(-13).
27
Let g(v) = -v**2 + 19*v + 6. Give g(21).
-36
Let n(k) = 2*k + 18. Determine n(-13).
-8
Let h(k) = -18*k + 175. What is h(10)?
-5
Let a(s) = -s - 4. What is a(12)?
-16
Let q(d) = 2*d**2 + 5*d - 8. What is q(-7)?
55
Let c(t) = 3*t**2 - 68*t + 42. Give c(22).
-2
Let y(s) = -s**3 + 9*s**2 - 10*s + 12. Calculate y(8).
-4
Let r(s) = 9*s**2 - 7*s - 6. Determine r(-1).
10
Let s(h) = -h**2 - 14*h - 4. Give s(-14).
-4
Let f(a) = 4*a - 1. Give f(1).
3
Let k(c) = -2*c**2 + 8*c + 25. Give k(-4).
-39
Let c(l) = l**2 + 3*l - 42. Determine c(-8).
-2
Let p(c) = c**2 + 4*c + 1. Determine p(-3).
-2
Let v(b) = -b**3 - 27*b**2 - 114*b - 88. Determine v(-22).
0
Let g(f) = -2*f**2 + 68*f - 241. What is g(30)?
-1
Let j(x) = -3*x**2 - 11*x + 2. Determine j(-4).
-2
Let b(w) = -w**3 + 18*w**2 - 14*w + 17. Calculate b(17).
68
Let y(h) = -h**3 + 18*h**2 - 33*h + 18. Give y(16).
2
Let t(w) = 6*w + 20. What is t(-5)?
-10
Let t(m) = -m**3 - 3*m**2 - 5*m + 9. What is t(-4)?
45
Let b(u) = u - 6. Calculate b(5).
-1
Let r(g) = -7*g - 35. Determine r